is the thousands digit of 1965?
1
What is the tens digit of 2226?
2
What is the units digit of 954?
4
What is the units digit of 397?
7
What is the tens digit of 222?
2
What is the hundreds digit of 493?
4
What is the units digit of 692?
2
What is the tens digit of 53875?
7
What is the tens digit of 1802?
0
What is the hundreds digit of 6952?
9
What is the hundreds digit of 4741?
7
What is the tens digit of 712?
1
What is the hundreds digit of 926?
9
What is the hundreds digit of 6272?
2
What is the thousands digit of 3073?
3
What is the tens digit of 3947?
4
What is the hundreds digit of 792?
7
What is the tens digit of 664?
6
What is the thousands digit of 2605?
2
What is the hundreds digit of 2109?
1
What is the tens digit of 118?
1
What is the thousands digit of 63544?
3
What is the hundreds digit of 3649?
6
What is the hundreds digit of 3198?
1
What is the ten thousands digit of 14418?
1
What is the units digit of 143945?
5
What is the ten thousands digit of 24555?
2
What is the units digit of 5334?
4
What is the hundreds digit of 43154?
1
What is the tens digit of 2020?
2
What is the units digit of 1272?
2
What is the hundreds digit of 1283?
2
What is the tens digit of 11566?
6
What is the tens digit of 79588?
8
What is the hundreds digit of 398?
3
What is the units digit of 30391?
1
What is the thousands digit of 45634?
5
What is the hundreds digit of 750?
7
What is the units digit of 71?
1
What is the hundreds digit of 21107?
1
What is the tens digit of 927?
2
What is the hundreds digit of 573?
5
What is the units digit of 24203?
3
What is the thousands digit of 33260?
3
What is the hundreds digit of 33497?
4
What is the hundreds digit of 449?
4
What is the thousands digit of 34527?
4
What is the hundreds digit of 5762?
7
What is the units digit of 13604?
4
What is the units digit of 96584?
4
What is the thousands digit of 4866?
4
What is the thousands digit of 4293?
4
What is the thousands digit of 1100?
1
What is the units digit of 883?
3
What is the units digit of 12180?
0
What is the tens digit of 1626?
2
What is the units digit of 3228?
8
What is the units digit of 17079?
9
What is the ten thousands digit of 109208?
0
What is the hundreds digit of 6548?
5
What is the units digit of 847?
7
What is the hundreds digit of 7579?
5
What is the thousands digit of 23880?
3
What is the units digit of 1990?
0
What is the units digit of 114124?
4
What is the ten thousands digit of 14169?
1
What is the hundreds digit of 11775?
7
What is the hundreds digit of 1028?
0
What is the ten thousands digit of 22172?
2
What is the thousands digit of 22725?
2
What is the tens digit of 1285?
8
What is the units digit of 182?
2
What is the ten thousands digit of 37272?
3
What is the thousands digit of 72677?
2
What is the units digit of 1406?
6
What is the units digit of 9906?
6
What is the ten thousands digit of 51221?
5
What is the hundreds digit of 703?
7
What is the units digit of 16208?
8
What is the tens digit of 846?
4
What is the hundreds digit of 2170?
1
What is the hundreds digit of 56182?
1
What is the units digit of 1507?
7
What is the units digit of 614?
4
What is the units digit of 6564?
4
What is the units digit of 9154?
4
What is the units digit of 1287?
7
What is the tens digit of 5278?
7
What is the units digit of 31619?
9
What is the units digit of 2238?
8
What is the hundreds digit of 1396?
3
What is the hundreds digit of 241?
2
What is the hundreds digit of 2109?
1
What is the hundreds digit of 1087?
0
What is the thousands digit of 2670?
2
What is the thousands digit of 5455?
5
What is the hundreds digit of 20099?
0
What is the thousands digit of 3437?
3
What is the tens digit of 7909?
0
What is the tens digit of 4478?
7
What is the hundreds digit of 14995?
9
What is the ten thousands digit of 12521?
1
What is the ten thousands digit of 47863?
4
What is the tens digit of 21?
2
What is the tens digit of 752?
5
What is the tens digit of 34871?
7
What is the tens digit of 830?
3
What is the hundreds digit of 48308?
3
What is the thousands digit of 9935?
9
What is the hundreds digit of 292?
2
What is the units digit of 56?
6
What is the tens digit of 2449?
4
What is the ten thousands digit of 18039?
1
What is the units digit of 15014?
4
What is the tens digit of 4260?
6
What is the hundreds digit of 960?
9
What is the tens digit of 13309?
0
What is the hundreds digit of 1591?
5
What is the thousands digit of 8651?
8
What is the tens digit of 24483?
8
What is the units digit of 3192?
2
What is the thousands digit of 3935?
3
What is the thousands digit of 15403?
5
What is the hundreds digit of 44662?
6
What is the thousands digit of 1359?
1
What is the hundred thousands digit of 132698?
1
What is the thousands digit of 4409?
4
What is the tens digit of 15479?
7
What is the tens digit of 2770?
7
What is the thousands digit of 4853?
4
What is the ten thousands digit of 26552?
2
What is the units digit of 11235?
5
What is the thousands digit of 8077?
8
What is the tens digit of 23170?
7
What is the thousands digit of 6534?
6
What is the hundreds digit of 6729?
7
What is the units digit of 94104?
4
What is the units digit of 935?
5
What is the thousands digit of 30891?
0
What is the units digit of 1942?
2
What is the units digit of 141?
1
What is the hundreds digit of 3150?
1
What is the thousands digit of 16744?
6
What is the units digit of 427?
7
What is the tens digit of 5695?
9
What is the tens digit of 3000?
0
What is the hundreds digit of 555?
5
What is the tens digit of 187?
8
What is the units digit of 15656?
6
What is the units digit of 1653?
3
What is the tens digit of 1410?
1
What is the units digit of 764?
4
What is the thousands digit of 12545?
2
What is the units digit of 1123?
3
What is the units digit of 38276?
6
What is the ten thousands digit of 18291?
1
What is the tens digit of 60028?
2
What is the tens digit of 61823?
2
What is the thousands digit of 16473?
6
What is the tens digit of 2113?
1
What is the tens digit of 674?
7
What is the units digit of 664?
4
What is the thousands digit of 86506?
6
What is the units digit of 11015?
5
What is the units digit of 87936?
6
What is the hundreds digit of 293?
2
What is the ten thousands digit of 32543?
3
What is the thousands digit of 66978?
6
What is the units digit of 263?
3
What is the ten thousands digit of 30818?
3
What is the hundreds digit of 2845?
8
What is the tens digit of 8683?
8
What is the thousands digit of 41183?
1
What is the hundreds digit of 45346?
3
What is the hundreds digit of 3246?
2
What is the hundreds digit of 10167?
1
What is the tens digit of 1092?
9
What is the hundreds digit of 4818?
8
What is the tens digit of 15800?
0
What is the units digit of 10?
0
What is the tens digit of 5436?
3
What is the ten thousands digit of 176869?
7
What is the units digit of 6269?
9
What is the hundreds digit of 2226?
2
What is the hundreds digit of 325?
3
What is the units digit of 368?
8
What is the hundreds digit of 141284?
2
What is the tens digit of 374?
7
What is the units digit of 2997?
7
What is the tens digit of 914?
1
What is the thousands digit of 1517?
1
What is the hundreds digit of 101059?
0
What is the units digit of 11958?
8
What is the thousands digit of 1288?
1
What is the thousands digit of 1010?
1
What is the hundreds digit of 12772?
7
What is the tens digit of 1200?
0
What is the hundreds digit of 2999?
9
What is the units digit of 1591?
1
What is the tens digit of 21508?
0
What is the hundreds digit of 393?
3
What is the tens digit of 17090?
9
What is the tens digit of 54870?
7
What is the thousands digit of 19784?
9
What is the hundreds digit of 1586?
5
What is the units digit of 3292?
2
What is the tens digit of 947?
4
What is the thousands digit of 1116?
1
What is the tens digit of 41293?
9
What is the thousands digit of 26364?
6
What is the units digit of 1151?
1
What is the tens digit of 19324?
2
What is the tens digit of 856?
5
What is the hundreds digit of 2016?
0
What is the ten thousands digit of 73349?
7
What is the tens digit of 171?
7
What is the hundreds digit of 20616?
6
What is the hundreds digit of 16336?
3
What is the hundreds digit of 1130?
1
What is the hundreds digit of 4197?
1
What is the ten thousands digit of 63393?
6
Wh